{"id":794,"date":"2024-02-23T11:03:12","date_gmt":"2024-02-23T10:03:12","guid":{"rendered":"https:\/\/www.uneviesurterre.com\/?page_id=794"},"modified":"2024-07-16T14:42:21","modified_gmt":"2024-07-16T12:42:21","slug":"le-long-de-la-west-highland-way","status":"publish","type":"page","link":"https:\/\/www.uneviesurterre.com\/?page_id=794","title":{"rendered":"Le long de la West Highland Way"},"content":{"rendered":"\n<h2 class=\"wp-block-heading\" style=\"font-size:clamp(14px, 0.875rem + ((1vw - 3.2px) * 0.313), 17px);font-style:normal;font-weight:400\">Apr\u00e8s quelques mois d&#8217;entrainement, je me suis lanc\u00e9 dans mon premier &#8220;Adventure Trail&#8221;. Je n&#8217;\u00e9tais s\u00fbrement pas pr\u00e9par\u00e9 au mieux, mais \u00e0 un moment il faut bien se lancer. Puis, comme on dit, on apprend de ses erreurs ! J&#8217;ai donc pr\u00e9par\u00e9 mes affaires en essayant de rester le plus l\u00e9ger possible. En route !<\/h2>\n\n\n\n<p>Pour ce premier parcours, j&#8217;ai fait assez simple niveau organisation. Je me suis bas\u00e9 sur le circuit de la fameuse West Highland Way (WHW), en d\u00e9coupant  le d\u00e9but de randonn\u00e9e en 2 \u00e9tapes de plus ou moins 30km. Le premier jour me m\u00e8nerait donc de Milngavie \u00e0 Balmaha, en passant par Conic Hill; et le second, de Balmaha \u00e0 Inverarnan. Je longerai donc les rives du Loch Lomond pendant un bon petit bout de temps.<\/p>\n\n\n\n<div class=\"wp-block-columns is-layout-flex wp-container-core-columns-is-layout-28f84493 wp-block-columns-is-layout-flex\">\n<div class=\"wp-block-column is-layout-flow wp-block-column-is-layout-flow\">\n<figure class=\"wp-block-image size-large\"><img fetchpriority=\"high\" decoding=\"async\" width=\"330\" height=\"512\" src=\"https:\/\/www.uneviesurterre.com\/wp-content\/uploads\/2024\/02\/426031442_793678295973965_6736471850167270292_n-330x512.jpg\" alt=\"\" class=\"wp-image-796\" srcset=\"https:\/\/www.uneviesurterre.com\/wp-content\/uploads\/2024\/02\/426031442_793678295973965_6736471850167270292_n-330x512.jpg 330w, https:\/\/www.uneviesurterre.com\/wp-content\/uploads\/2024\/02\/426031442_793678295973965_6736471850167270292_n-194x300.jpg 194w, https:\/\/www.uneviesurterre.com\/wp-content\/uploads\/2024\/02\/426031442_793678295973965_6736471850167270292_n-768x1190.jpg 768w, https:\/\/www.uneviesurterre.com\/wp-content\/uploads\/2024\/02\/426031442_793678295973965_6736471850167270292_n-991x1536.jpg 991w, https:\/\/www.uneviesurterre.com\/wp-content\/uploads\/2024\/02\/426031442_793678295973965_6736471850167270292_n.jpg 1080w\" sizes=\"(max-width: 330px) 100vw, 330px\" \/><\/figure>\n<\/div>\n\n\n\n<div class=\"wp-block-column is-layout-flow wp-block-column-is-layout-flow\">\n<p><strong>Premier jour : Milngavie &#8211; Balmaha<\/strong><\/p>\n\n\n\n<p>D\u00e9part en train, t\u00f4t au matin, depuis Glasgow. Le d\u00e9but de la randonn\u00e9e est assez simple \u00e0 trouver, une st\u00e8le se trouve en plein centre du village de Balmaha.<\/p>\n\n\n\n<p>Je m&#8217;\u00e9lance dans un petit parc, le poids de mon sac se fait d\u00e9j\u00e0 bien sentir. Il faudra 1 ou 2 km pour que mon corps s&#8217;habitue. Apr\u00e8s un petit moment, j&#8217;arrive dans la campagne \u00e9cossaise, avec par moments de sublimes vues sur les collines. Je retrouve ces paysages que j&#8217;avais d\u00e9couvert 8 ans auparavant, lors de ma premi\u00e8re venue dans cette r\u00e9gion de Grande-Bretagne. <\/p>\n\n\n\n<p>Les kilom\u00e8tres d\u00e9filent, tout se passe plut\u00f4t bien, et j&#8217;arrive tout doucement \u00e0 la fin de ma premi\u00e8re \u00e9tape.<\/p>\n<\/div>\n<\/div>\n\n\n\n<p>Le dernier d\u00e9fi de la journ\u00e9e se dresse devant moi : Conic Hill. Je grimpe, je grimpe, afin de m&#8217;offrir ce magnifique point de vue sur les lochs. Ce paysage est incroyable ! Mais \u00e0 peine ai-je le temps d&#8217;en profiter que la m\u00e9t\u00e9o \u00e9cossaise me rattrape. J&#8217;ai pris une douche comme rarement dans ma vie. Je ne traine donc pas trop pour entreprendre ma descente vers Balmaha, point de chute pour la nuit.<\/p>\n\n\n\n<div class=\"wp-block-columns is-layout-flex wp-container-core-columns-is-layout-28f84493 wp-block-columns-is-layout-flex\">\n<div class=\"wp-block-column is-layout-flow wp-block-column-is-layout-flow\">\n<figure class=\"wp-block-video\"><video height=\"640\" style=\"aspect-ratio: 368 \/ 640;\" width=\"368\" controls src=\"https:\/\/www.uneviesurterre.com\/wp-content\/uploads\/2024\/02\/428304596_6928303393947200_8697247388045713797_n.mp4\"><\/video><\/figure>\n<\/div>\n\n\n\n<div class=\"wp-block-column is-layout-flow wp-block-column-is-layout-flow\">\n<figure class=\"wp-block-video\"><video height=\"640\" style=\"aspect-ratio: 368 \/ 640;\" width=\"368\" controls src=\"https:\/\/www.uneviesurterre.com\/wp-content\/uploads\/2024\/02\/429553762_7063731283748916_103504391568573804_n.mp4\"><\/video><\/figure>\n<\/div>\n\n\n\n<div class=\"wp-block-column is-layout-flow wp-block-column-is-layout-flow\">\n<figure class=\"wp-block-video\"><video height=\"640\" style=\"aspect-ratio: 368 \/ 640;\" width=\"368\" controls src=\"https:\/\/www.uneviesurterre.com\/wp-content\/uploads\/2024\/02\/429438098_7533260800038431_4337526665708098380_n.mp4\"><\/video><\/figure>\n<\/div>\n<\/div>\n\n\n\n<h2 class=\"wp-block-heading\" style=\"font-size:clamp(14px, 0.875rem + ((1vw - 3.2px) * 0.313), 17px);font-style:normal;font-weight:400\">Balmaha est un petit village tout \u00e0 fait charmant au bord du Loch Lomond. J&#8217;y ai lou\u00e9 une chambre dans un petit cottage afin de me ressourcer au mieux&#8230; et j&#8217;en ai eu bien besoin car j&#8217;\u00e9tais mort (dans le sens le plus litt\u00e9ral du terme) ! En fin d&#8217;apr\u00e8s-midi je suis sorti boire un petit verre au bord du lac (s&#8217;hydrater c&#8217;est important).<\/h2>\n\n\n\n<h2 class=\"wp-block-heading\" style=\"font-size:clamp(14px, 0.875rem + ((1vw - 3.2px) * 0.313), 17px);font-style:normal;font-weight:400\"><strong>Deuxi\u00e8me jour : De Balmaha \u00e0 Inverarnan<\/strong><\/h2>\n\n\n\n<h2 class=\"wp-block-heading\" style=\"font-size:clamp(14px, 0.875rem + ((1vw - 3.2px) * 0.313), 17px);font-style:normal;font-weight:400\">Les efforts de la veille se font sentir, mais j&#8217;ai surtout extr\u00eamement mal dans le bas du dos. Sans comprendre vraiment pourquoi, le frottement de mon camelback a engendr\u00e9 une douleur insupportable (Je le jure, je ne l&#8217;ai pas mis \u00e0 l&#8217;envers).<\/h2>\n\n\n\n<h2 class=\"wp-block-heading\" style=\"font-size:clamp(14px, 0.875rem + ((1vw - 3.2px) * 0.313), 17px);font-style:normal;font-weight:400\">C&#8217;est donc en marchant que j&#8217;ai entam\u00e9, et effectu\u00e9, une grande partie de cette deuxi\u00e8me \u00e9tape. Cela m&#8217;a laiss\u00e9 le temps de profiter au maximum du Loch Lomond, mais j&#8217;\u00e9tais fortement d\u00e9\u00e7u quand m\u00eame. C&#8217;est seulement sur la fin de parcours, apr\u00e8s avoir vid\u00e9 et retir\u00e9 ma poche \u00e0 eau, que j&#8217;ai pu reprendre ma course en avant.<\/h2>\n\n\n\n<p>Bien qu&#8217;un peu redondant, ce tron\u00e7on de la West Highland Way offre quand m\u00eame un paysage plus nature avec, entre autres, quelques animaux crois\u00e9s en chemin. Je me suis bien \u00e9clat\u00e9 sur cette fin de trac\u00e9 plus technique.<\/p>\n\n\n\n<div class=\"wp-block-columns is-layout-flex wp-container-core-columns-is-layout-28f84493 wp-block-columns-is-layout-flex\">\n<div class=\"wp-block-column is-vertically-aligned-center is-layout-flow wp-block-column-is-layout-flow\">\n<figure class=\"wp-block-image aligncenter size-large is-resized\"><img decoding=\"async\" width=\"384\" height=\"512\" src=\"https:\/\/www.uneviesurterre.com\/wp-content\/uploads\/2024\/02\/426146177_784212483122890_128186184490406020_n-1-384x512.jpg\" alt=\"\" class=\"wp-image-802\" style=\"width:403px;height:auto\" srcset=\"https:\/\/www.uneviesurterre.com\/wp-content\/uploads\/2024\/02\/426146177_784212483122890_128186184490406020_n-1-384x512.jpg 384w, https:\/\/www.uneviesurterre.com\/wp-content\/uploads\/2024\/02\/426146177_784212483122890_128186184490406020_n-1-225x300.jpg 225w, https:\/\/www.uneviesurterre.com\/wp-content\/uploads\/2024\/02\/426146177_784212483122890_128186184490406020_n-1-768x1024.jpg 768w, https:\/\/www.uneviesurterre.com\/wp-content\/uploads\/2024\/02\/426146177_784212483122890_128186184490406020_n-1-1152x1536.jpg 1152w, https:\/\/www.uneviesurterre.com\/wp-content\/uploads\/2024\/02\/426146177_784212483122890_128186184490406020_n-1.jpg 1368w\" sizes=\"(max-width: 384px) 100vw, 384px\" \/><\/figure>\n<\/div>\n\n\n\n<div class=\"wp-block-column is-layout-flow wp-block-column-is-layout-flow\">\n<figure class=\"wp-block-video\"><video height=\"640\" style=\"aspect-ratio: 368 \/ 640;\" width=\"368\" controls src=\"https:\/\/www.uneviesurterre.com\/wp-content\/uploads\/2024\/02\/429444437_7836715483022932_2657528353104598002_n.mp4\"><\/video><\/figure>\n<\/div>\n<\/div>\n\n\n\n<h2 class=\"wp-block-heading\" style=\"font-size:clamp(14px, 0.875rem + ((1vw - 3.2px) * 0.313), 17px);font-style:normal;font-weight:400\"><strong>Petit feedback &#8230;<\/strong><\/h2>\n\n\n\n<h2 class=\"wp-block-heading\" style=\"font-size:clamp(14px, 0.875rem + ((1vw - 3.2px) * 0.313), 17px);font-style:normal;font-weight:400\">Cet Adventure Trail \u00e9tait clairement plus dur que ce que je m&#8217;imaginais; et l&#8217;entreprendre 5 mois apr\u00e8s avoir d\u00e9couvert cette discipline n&#8217;\u00e9tait pas une bonne id\u00e9e. N\u00e9anmoins, j&#8217;ai envie de continuer en ce sens et de voir ou cela peut me mener.<\/h2>\n\n\n\n<p>La d\u00e9ception du deuxi\u00e8me jour a \u00e9t\u00e9 un peu dur \u00e0 dig\u00e9rer. C&#8217;est s\u00fbrement pour cela que j&#8217;ai mis presque un an \u00e0 r\u00e9diger cet article. Mais aujourd&#8217;hui, alors que je suis entrain de pr\u00e9parer ma deuxi\u00e8me course, il est temps d&#8217;aller de l&#8217;avant.<\/p>\n\n\n\n<div class=\"alignnormal\"><div id=\"metaslider-id-805\" style=\"width: 100%;\" class=\"ml-slider-3-108-0 metaslider metaslider-flex metaslider-805 ml-slider has-carousel-mode ms-theme-default nav-hidden\" role=\"region\" aria-label=\"Adventure Trail Ecosse\" data-height=\"600\" data-width=\"400\">\n    <div id=\"metaslider_container_805\">\n        <div id=\"metaslider_805\">\n            <ul class='slides'>\n                <li style=\"display: none; width: 100%;\" class=\"slide-813 ms-image \" aria-roledescription=\"slide\" data-date=\"2024-02-23 18:17:39\" data-filename=\"426031442_793678295973965_6736471850167270292_n-400x600.jpg\" data-slide-type=\"image\"><img decoding=\"async\" src=\"https:\/\/www.uneviesurterre.com\/wp-content\/uploads\/2024\/02\/426031442_793678295973965_6736471850167270292_n-400x600.jpg\" height=\"600\" width=\"400\" alt=\"\" class=\"slider-805 slide-813 msDefaultImage\" title=\"426031442_793678295973965_6736471850167270292_n\" \/><\/li>\n                <li style=\"display: none; width: 100%;\" class=\"slide-814 ms-image \" aria-roledescription=\"slide\" data-date=\"2024-02-23 18:17:40\" data-filename=\"426146177_784212483122890_128186184490406020_n-1-400x600.jpg\" data-slide-type=\"image\"><img loading=\"lazy\" decoding=\"async\" src=\"https:\/\/www.uneviesurterre.com\/wp-content\/uploads\/2024\/02\/426146177_784212483122890_128186184490406020_n-1-400x600.jpg\" height=\"600\" width=\"400\" alt=\"\" class=\"slider-805 slide-814 msDefaultImage\" title=\"426146177_784212483122890_128186184490406020_n-1\" \/><\/li>\n                <li style=\"display: none; width: 100%;\" class=\"slide-817 ms-image \" aria-roledescription=\"slide\" data-date=\"2024-02-23 18:17:40\" data-filename=\"426175924_1572021826943421_8479865944762623094_n-400x600.jpg\" data-slide-type=\"image\"><img loading=\"lazy\" decoding=\"async\" src=\"https:\/\/www.uneviesurterre.com\/wp-content\/uploads\/2024\/02\/426175924_1572021826943421_8479865944762623094_n-400x600.jpg\" height=\"600\" width=\"400\" alt=\"\" class=\"slider-805 slide-817 msDefaultImage\" title=\"426175924_1572021826943421_8479865944762623094_n\" \/><\/li>\n                <li style=\"display: none; width: 100%;\" class=\"slide-818 ms-image \" aria-roledescription=\"slide\" data-date=\"2024-02-23 18:17:40\" data-filename=\"426236129_1426408111647170_6106946769249627188_n-400x600.jpg\" data-slide-type=\"image\"><img loading=\"lazy\" decoding=\"async\" src=\"https:\/\/www.uneviesurterre.com\/wp-content\/uploads\/2024\/02\/426236129_1426408111647170_6106946769249627188_n-400x600.jpg\" height=\"600\" width=\"400\" alt=\"\" class=\"slider-805 slide-818 msDefaultImage\" title=\"426236129_1426408111647170_6106946769249627188_n\" \/><\/li>\n                <li style=\"display: none; width: 100%;\" class=\"slide-816 ms-image \" aria-roledescription=\"slide\" data-date=\"2024-02-23 18:17:40\" data-filename=\"426693900_739389491506427_961817658432464521_n-400x600.jpg\" data-slide-type=\"image\"><img loading=\"lazy\" decoding=\"async\" src=\"https:\/\/www.uneviesurterre.com\/wp-content\/uploads\/2024\/02\/426693900_739389491506427_961817658432464521_n-400x600.jpg\" height=\"600\" width=\"400\" alt=\"\" class=\"slider-805 slide-816 msDefaultImage\" title=\"426693900_739389491506427_961817658432464521_n\" \/><\/li>\n                <li style=\"display: none; width: 100%;\" class=\"slide-819 ms-image \" aria-roledescription=\"slide\" data-date=\"2024-02-23 18:17:40\" data-filename=\"426294834_1785326561935691_7145842121268002570_n-400x600.jpg\" data-slide-type=\"image\"><img loading=\"lazy\" decoding=\"async\" src=\"https:\/\/www.uneviesurterre.com\/wp-content\/uploads\/2024\/02\/426294834_1785326561935691_7145842121268002570_n-400x600.jpg\" height=\"600\" width=\"400\" alt=\"\" class=\"slider-805 slide-819 msDefaultImage\" title=\"426294834_1785326561935691_7145842121268002570_n\" \/><\/li>\n                <li style=\"display: none; width: 100%;\" class=\"slide-820 ms-image \" aria-roledescription=\"slide\" data-date=\"2024-02-23 18:17:40\" data-filename=\"426819182_3543278545912032_8643650566280367668_n-400x600.jpg\" data-slide-type=\"image\"><img loading=\"lazy\" decoding=\"async\" src=\"https:\/\/www.uneviesurterre.com\/wp-content\/uploads\/2024\/02\/426819182_3543278545912032_8643650566280367668_n-400x600.jpg\" height=\"600\" width=\"400\" alt=\"\" class=\"slider-805 slide-820 msDefaultImage\" title=\"426819182_3543278545912032_8643650566280367668_n\" \/><\/li>\n                <li style=\"display: none; width: 100%;\" class=\"slide-821 ms-image \" aria-roledescription=\"slide\" data-date=\"2024-02-23 18:17:40\" data-filename=\"425995865_1169231334063035_72239606761662418_n-400x600.jpg\" data-slide-type=\"image\"><img loading=\"lazy\" decoding=\"async\" src=\"https:\/\/www.uneviesurterre.com\/wp-content\/uploads\/2024\/02\/425995865_1169231334063035_72239606761662418_n-400x600.jpg\" height=\"600\" width=\"400\" alt=\"\" class=\"slider-805 slide-821 msDefaultImage\" title=\"425995865_1169231334063035_72239606761662418_n\" \/><\/li>\n                <li style=\"display: none; width: 100%;\" class=\"slide-815 ms-image \" aria-roledescription=\"slide\" data-date=\"2024-02-23 18:17:40\" data-filename=\"426267136_773822867508842_8481302197061014172_n-400x600.jpg\" data-slide-type=\"image\"><img loading=\"lazy\" decoding=\"async\" src=\"https:\/\/www.uneviesurterre.com\/wp-content\/uploads\/2024\/02\/426267136_773822867508842_8481302197061014172_n-400x600.jpg\" height=\"600\" width=\"400\" alt=\"\" class=\"slider-805 slide-815 msDefaultImage\" title=\"426267136_773822867508842_8481302197061014172_n\" \/><\/li>\n            <\/ul>\n        <\/div>\n        \n    <\/div>\n<\/div><\/div>\n\n\n\n<div style=\"height:100px\" aria-hidden=\"true\" class=\"wp-block-spacer\"><\/div>\n","protected":false},"excerpt":{"rendered":"<p>Apr\u00e8s quelques mois d&#8217;entrainement, je me suis lanc\u00e9 dans mon premier &#8220;Adventure Trail&#8221;. Je n&#8217;\u00e9tais s\u00fbrement pas pr\u00e9par\u00e9 au mieux, mais \u00e0 un moment il faut bien se lancer. Puis, comme on dit, on apprend de ses erreurs ! J&#8217;ai donc pr\u00e9par\u00e9 mes affaires en essayant de rester le plus l\u00e9ger possible. En route ! &hellip; <\/p>\n<p class=\"link-more\"><a href=\"https:\/\/www.uneviesurterre.com\/?page_id=794\" class=\"more-link\">Read more<span class=\"screen-reader-text\"> &#8220;Le long de la West Highland Way&#8221;<\/span><\/a><\/p>\n","protected":false},"author":1,"featured_media":0,"parent":0,"menu_order":0,"comment_status":"closed","ping_status":"closed","template":"","meta":{"footnotes":""},"class_list":["post-794","page","type-page","status-publish","hentry"],"jetpack_sharing_enabled":true,"_links":{"self":[{"href":"https:\/\/www.uneviesurterre.com\/index.php?rest_route=\/wp\/v2\/pages\/794","targetHints":{"allow":["GET"]}}],"collection":[{"href":"https:\/\/www.uneviesurterre.com\/index.php?rest_route=\/wp\/v2\/pages"}],"about":[{"href":"https:\/\/www.uneviesurterre.com\/index.php?rest_route=\/wp\/v2\/types\/page"}],"author":[{"embeddable":true,"href":"https:\/\/www.uneviesurterre.com\/index.php?rest_route=\/wp\/v2\/users\/1"}],"replies":[{"embeddable":true,"href":"https:\/\/www.uneviesurterre.com\/index.php?rest_route=%2Fwp%2Fv2%2Fcomments&post=794"}],"version-history":[{"count":8,"href":"https:\/\/www.uneviesurterre.com\/index.php?rest_route=\/wp\/v2\/pages\/794\/revisions"}],"predecessor-version":[{"id":1020,"href":"https:\/\/www.uneviesurterre.com\/index.php?rest_route=\/wp\/v2\/pages\/794\/revisions\/1020"}],"wp:attachment":[{"href":"https:\/\/www.uneviesurterre.com\/index.php?rest_route=%2Fwp%2Fv2%2Fmedia&parent=794"}],"curies":[{"name":"wp","href":"https:\/\/api.w.org\/{rel}","templated":true}]}}