{"id":2631,"date":"2025-08-13T14:53:33","date_gmt":"2025-08-13T12:53:33","guid":{"rendered":"https:\/\/www.uneviesurterre.com\/?page_id=2631"},"modified":"2025-08-14T15:43:22","modified_gmt":"2025-08-14T13:43:22","slug":"tour-du-mont-blanc","status":"publish","type":"page","link":"https:\/\/www.uneviesurterre.com\/?page_id=2631","title":{"rendered":"Tour du Mont-Blanc"},"content":{"rendered":"\t\t<div data-elementor-type=\"wp-page\" data-elementor-id=\"2631\" class=\"elementor elementor-2631\">\n\t\t\t\t<div class=\"elementor-element elementor-element-fa12bd6 e-flex e-con-boxed e-con e-parent\" data-id=\"fa12bd6\" data-element_type=\"container\">\n\t\t\t\t\t<div class=\"e-con-inner\">\n\t\t\t\t<div class=\"elementor-element elementor-element-97577ed elementor-widget elementor-widget-spacer\" data-id=\"97577ed\" data-element_type=\"widget\" data-widget_type=\"spacer.default\">\n\t\t\t\t<div class=\"elementor-widget-container\">\n\t\t\t\t\t\t\t<div class=\"elementor-spacer\">\n\t\t\t<div class=\"elementor-spacer-inner\"><\/div>\n\t\t<\/div>\n\t\t\t\t\t\t<\/div>\n\t\t\t\t<\/div>\n\t\t\t\t<div class=\"elementor-element elementor-element-0eafcfe elementor-widget elementor-widget-heading\" data-id=\"0eafcfe\" data-element_type=\"widget\" data-widget_type=\"heading.default\">\n\t\t\t\t<div class=\"elementor-widget-container\">\n\t\t\t\t\t<h2 class=\"elementor-heading-title elementor-size-default\">7 jours sur le Tour du Mont-Blanc<\/h2>\t\t\t\t<\/div>\n\t\t\t\t<\/div>\n\t\t\t\t\t<\/div>\n\t\t\t\t<\/div>\n\t\t<div class=\"elementor-element elementor-element-84a49df e-flex e-con-boxed e-con e-parent\" data-id=\"84a49df\" data-element_type=\"container\">\n\t\t\t\t\t<div class=\"e-con-inner\">\n\t\t\t\t<div class=\"elementor-element elementor-element-12fc929 elementor-widget elementor-widget-spacer\" data-id=\"12fc929\" data-element_type=\"widget\" data-widget_type=\"spacer.default\">\n\t\t\t\t<div class=\"elementor-widget-container\">\n\t\t\t\t\t\t\t<div class=\"elementor-spacer\">\n\t\t\t<div class=\"elementor-spacer-inner\"><\/div>\n\t\t<\/div>\n\t\t\t\t\t\t<\/div>\n\t\t\t\t<\/div>\n\t\t\t\t<div class=\"elementor-element elementor-element-f1d0da8 elementor-widget elementor-widget-text-editor\" data-id=\"f1d0da8\" data-element_type=\"widget\" data-widget_type=\"text-editor.default\">\n\t\t\t\t<div class=\"elementor-widget-container\">\n\t\t\t\t\t\t\t\t\t<p><span style=\"font-weight: 400;\">L\u2019id\u00e9e de faire le Tour du Mont-Blanc est vaguement nait en 2023 d\u00e9j\u00e0. Je commen\u00e7ais alors \u00e0 feuilleter le Topoguide, mais toutes ces informations me semblaient tellement compliqu\u00e9es\u2026 premi\u00e8re r\u00e9alit\u00e9 : organiser une rando de plusieurs jours ce n\u2019est pas si simple !\u00a0<\/span><\/p><p><span style=\"font-weight: 400;\">Face \u00e0 la difficult\u00e9 de d\u00e9couper mes \u00e9tapes, le projet a petit \u00e0 petit disparu, avant de rena\u00eetre en d\u00e9but 2024. C\u2019est \u00e0 ce moment-l\u00e0 un nouvel obstacle qui a stopp\u00e9 le projet : si je voulais r\u00e9server des auberges, il fallait que je m\u2019y prenne bien plus t\u00f4t !<\/span><\/p><p><span style=\"font-weight: 400;\">Finalement, l\u2019organisation de notre TMB a donc commenc\u00e9 \u00e0 prendre forme en octobre\/novembre 2024 pour se r\u00e9aliser en 2025 (et oui je vous l\u2019ai dit, il faut s\u2019y prendre t\u00f4t pour r\u00e9server des auberges !). Et ce projet pr\u00e9vu en solo s\u2019est finalement transform\u00e9 en voyage \u00e0 4, accompagn\u00e9 de Ju, Simon et P\u00each.\u00a0<\/span><\/p>\t\t\t\t\t\t\t\t<\/div>\n\t\t\t\t<\/div>\n\t\t\t\t\t<\/div>\n\t\t\t\t<\/div>\n\t\t<div class=\"elementor-element elementor-element-08f8281 e-con-full e-flex e-con e-parent\" data-id=\"08f8281\" data-element_type=\"container\">\n\t\t\t\t<div class=\"elementor-element elementor-element-dd3aa6e elementor-widget elementor-widget-image\" data-id=\"dd3aa6e\" data-element_type=\"widget\" data-widget_type=\"image.default\">\n\t\t\t\t<div class=\"elementor-widget-container\">\n\t\t\t\t\t\t\t\t\t\t\t\t\t\t\t<img fetchpriority=\"high\" decoding=\"async\" width=\"2000\" height=\"1500\" src=\"https:\/\/www.uneviesurterre.com\/wp-content\/uploads\/2025\/08\/c88742a9-80ba-48f4-9d79-8868d3527044.jpg\" class=\"attachment-full size-full wp-image-2643\" alt=\"\" srcset=\"https:\/\/www.uneviesurterre.com\/wp-content\/uploads\/2025\/08\/c88742a9-80ba-48f4-9d79-8868d3527044.jpg 2000w, https:\/\/www.uneviesurterre.com\/wp-content\/uploads\/2025\/08\/c88742a9-80ba-48f4-9d79-8868d3527044-300x225.jpg 300w, https:\/\/www.uneviesurterre.com\/wp-content\/uploads\/2025\/08\/c88742a9-80ba-48f4-9d79-8868d3527044-512x384.jpg 512w, https:\/\/www.uneviesurterre.com\/wp-content\/uploads\/2025\/08\/c88742a9-80ba-48f4-9d79-8868d3527044-1536x1152.jpg 1536w\" sizes=\"100vw\" \/>\t\t\t\t\t\t\t\t\t\t\t\t\t\t\t<\/div>\n\t\t\t\t<\/div>\n\t\t\t\t<\/div>\n\t\t<div class=\"elementor-element elementor-element-3c90eec e-flex e-con-boxed e-con e-parent\" data-id=\"3c90eec\" data-element_type=\"container\">\n\t\t\t\t\t<div class=\"e-con-inner\">\n\t\t\t\t<div class=\"elementor-element elementor-element-a67af5a elementor-widget elementor-widget-spacer\" data-id=\"a67af5a\" data-element_type=\"widget\" data-widget_type=\"spacer.default\">\n\t\t\t\t<div class=\"elementor-widget-container\">\n\t\t\t\t\t\t\t<div class=\"elementor-spacer\">\n\t\t\t<div class=\"elementor-spacer-inner\"><\/div>\n\t\t<\/div>\n\t\t\t\t\t\t<\/div>\n\t\t\t\t<\/div>\n\t\t\t\t<div class=\"elementor-element elementor-element-fba47dc elementor-widget elementor-widget-text-editor\" data-id=\"fba47dc\" data-element_type=\"widget\" data-widget_type=\"text-editor.default\">\n\t\t\t\t<div class=\"elementor-widget-container\">\n\t\t\t\t\t\t\t\t\t<p>\u270d\ufe0f <strong>D\u00e9coupage du parcours<\/strong><\/p>\t\t\t\t\t\t\t\t<\/div>\n\t\t\t\t<\/div>\n\t\t\t\t\t<\/div>\n\t\t\t\t<\/div>\n\t\t<div class=\"elementor-element elementor-element-0a05aa6 e-flex e-con-boxed e-con e-parent\" data-id=\"0a05aa6\" data-element_type=\"container\">\n\t\t\t\t\t<div class=\"e-con-inner\">\n\t\t\t\t<div class=\"elementor-element elementor-element-abed04c elementor-widget elementor-widget-text-editor\" data-id=\"abed04c\" data-element_type=\"widget\" data-widget_type=\"text-editor.default\">\n\t\t\t\t<div class=\"elementor-widget-container\">\n\t\t\t\t\t\t\t\t\t<p><span style=\"font-weight: 400;\">Comme dit plus haut, ce n\u2019est pas l\u2019aspect le plus simple du voyage, surtout pour nous, qui ne sommes pas de grands habitu\u00e9s de la rando, ni de la montagne. Nous aurons d\u2019ailleurs finalement pr\u00e9vu des \u00e9tapes trop longues en fin de parcours, nous obligeant \u00e0 prendre une navette pour respecter notre timing de 7 jours.<\/span><\/p><p><span style=\"font-weight: 400;\">Pour ceux que \u00e7a int\u00e9resse, voici donc les \u00e9tapes que nous avons faites :\u00a0\u00a0<\/span><\/p><p><b>Etape 1<\/b><span style=\"font-weight: 400;\"> : Les Houches &#8211; Bivouac apr\u00e8s le Refuge du Nant-Borrant<br \/><\/span><b>Etape 2<\/b><span style=\"font-weight: 400;\"> : Bivouac au Nant-Borrant &#8211; Bivouac dans les ruines avant les Mottets<br \/><\/span><b>Etape 3<\/b><span style=\"font-weight: 400;\"> : Bivouac aux ruines &#8211; Camping des Grandes Jorasses (Courmayeur)<br \/><\/span><b>Etape 4<\/b><span style=\"font-weight: 400;\"> : Camping des Grandes Jorasses &#8211; Refuge de La Peule<br \/><\/span><b>Etape 5<\/b><span style=\"font-weight: 400;\"> : Refuge de La Peule &#8211; Camping de Trient (Navette de Ferret \u00e0 Champex-Lac)<br \/><\/span><b>Etape 6<\/b><span style=\"font-weight: 400;\"> : Trient &#8211; Refuge de la Fl\u00e9g\u00e8re\u00a0<br \/><\/span><b>Etape 7<\/b><span style=\"font-weight: 400;\"> : Refuge de la Fl\u00e9g\u00e8re &#8211; Les Houches<\/span><\/p><p><span style=\"font-weight: 400;\">\u2192 Nous avions planifi\u00e9 nos \u00e9tapes en ayant en t\u00eate qu\u2019il \u00e9tait presque obligatoire de dormir en refuge en Italie et en Suisse. Nous avons appris en chemin qu\u2019il y avait quelques zones de camping en Suisse qui permettait de d\u00e9couper le trajet autrement (ces campings sont repris dans le topoguide mais nous n\u2019y avions pas fait attention\u2026 erreur de d\u00e9butants). Mais dans l\u2019ensemble on est vraiment satisfait de notre d\u00e9coupage \ud83e\udee1.<\/span><\/p>\t\t\t\t\t\t\t\t<\/div>\n\t\t\t\t<\/div>\n\t\t\t\t\t<\/div>\n\t\t\t\t<\/div>\n\t\t<div class=\"elementor-element elementor-element-45ed2b3 e-con-full e-flex e-con e-parent\" data-id=\"45ed2b3\" data-element_type=\"container\">\n\t\t\t\t<div class=\"elementor-element elementor-element-5ed0695 elementor-widget__width-inherit elementor-widget elementor-widget-image\" data-id=\"5ed0695\" data-element_type=\"widget\" data-widget_type=\"image.default\">\n\t\t\t\t<div class=\"elementor-widget-container\">\n\t\t\t\t\t\t\t\t\t\t\t\t\t\t\t<img decoding=\"async\" width=\"2000\" height=\"1500\" src=\"https:\/\/www.uneviesurterre.com\/wp-content\/uploads\/2025\/08\/1f28fdc0-e4fb-4e88-a7a2-2f19389dba97.jpg\" class=\"attachment-full size-full wp-image-2635\" alt=\"\" srcset=\"https:\/\/www.uneviesurterre.com\/wp-content\/uploads\/2025\/08\/1f28fdc0-e4fb-4e88-a7a2-2f19389dba97.jpg 2000w, https:\/\/www.uneviesurterre.com\/wp-content\/uploads\/2025\/08\/1f28fdc0-e4fb-4e88-a7a2-2f19389dba97-300x225.jpg 300w, https:\/\/www.uneviesurterre.com\/wp-content\/uploads\/2025\/08\/1f28fdc0-e4fb-4e88-a7a2-2f19389dba97-512x384.jpg 512w, https:\/\/www.uneviesurterre.com\/wp-content\/uploads\/2025\/08\/1f28fdc0-e4fb-4e88-a7a2-2f19389dba97-1536x1152.jpg 1536w\" sizes=\"100vw\" \/>\t\t\t\t\t\t\t\t\t\t\t\t\t\t\t<\/div>\n\t\t\t\t<\/div>\n\t\t\t\t<\/div>\n\t\t<div class=\"elementor-element elementor-element-8f90b01 e-flex e-con-boxed e-con e-parent\" data-id=\"8f90b01\" data-element_type=\"container\">\n\t\t\t\t\t<div class=\"e-con-inner\">\n\t\t\t\t<div class=\"elementor-element elementor-element-7336393 elementor-widget elementor-widget-spacer\" data-id=\"7336393\" data-element_type=\"widget\" data-widget_type=\"spacer.default\">\n\t\t\t\t<div class=\"elementor-widget-container\">\n\t\t\t\t\t\t\t<div class=\"elementor-spacer\">\n\t\t\t<div class=\"elementor-spacer-inner\"><\/div>\n\t\t<\/div>\n\t\t\t\t\t\t<\/div>\n\t\t\t\t<\/div>\n\t\t\t\t<div class=\"elementor-element elementor-element-2e2a0da elementor-widget elementor-widget-text-editor\" data-id=\"2e2a0da\" data-element_type=\"widget\" data-widget_type=\"text-editor.default\">\n\t\t\t\t<div class=\"elementor-widget-container\">\n\t\t\t\t\t\t\t\t\t<p>\u2764 <strong>Une exp\u00e9rience hors du commun<\/strong><\/p>\t\t\t\t\t\t\t\t<\/div>\n\t\t\t\t<\/div>\n\t\t\t\t\t<\/div>\n\t\t\t\t<\/div>\n\t\t<div class=\"elementor-element elementor-element-0dfdae4 e-flex e-con-boxed e-con e-parent\" data-id=\"0dfdae4\" data-element_type=\"container\">\n\t\t\t\t\t<div class=\"e-con-inner\">\n\t\t\t\t<div class=\"elementor-element elementor-element-7df664b elementor-widget elementor-widget-text-editor\" data-id=\"7df664b\" data-element_type=\"widget\" data-widget_type=\"text-editor.default\">\n\t\t\t\t<div class=\"elementor-widget-container\">\n\t\t\t\t\t\t\t\t\t<p><span style=\"font-weight: 400;\">Au-del\u00e0 du d\u00e9fi organisationnel et du d\u00e9fi sportif non n\u00e9gligeable, ce Tour du Mont-Blanc a \u00e9t\u00e9 une claque de part la beaut\u00e9 de ses paysages\u2026 c\u2019est \u00e9vident vous allez me dire, mais \u00e7a reste assez incroyable. Je pourrais bien s\u00fbr vous d\u00e9crire en d\u00e9tail chaque \u00e9tape et points de vue de notre parcours mais \u00e0 quoi bon ? Les photos parlent d\u2019elles-m\u00eames, et je crois qu\u2019au final chaque randonneur se fait sa propre exp\u00e9rience. Cependant, si je devais donner <\/span><b>mon coup de c\u0153ur<\/b><span style=\"font-weight: 400;\">, ce serait la mont\u00e9e et le point de vue du col Ferret en Italie. Nous y avons en plus pique-niqu\u00e9 avec un bon nombre de personnes que nous avions crois\u00e9 les jours pr\u00e9c\u00e9dents. La dimension humaine de ce voyage, c\u2019\u00e9tait ce \u00e0 quoi je m\u2019attendais le moins. Que ce soit entre nous (surtout) ou avec les autres randonneurs, nous avons pass\u00e9 des moments incroyables.\u00a0<\/span><\/p><p><b>Ce que je n\u2019oublierai pas de cette aventure<\/b><span style=\"font-weight: 400;\"> : Que Simon a voulu prendre un pot entier de beurre de cacahu\u00e8te alors qu\u2019on jouait au gramme pr\u00eat pour all\u00e9ger les sacs \ud83d\ude2d, commencer le deuxi\u00e8me jour en me disant que \u00e7a allait \u00eatre long mais au final ne pas voir les jours passer, l\u2019orage lors de notre nuit \u00e0 Trient, les moments baignades le soir, quand P\u00eacheur a p\u00e9t\u00e9 son b\u00e2ton de marche alors que \u00e7a faisait 2 jours qu\u2019on se disait qu\u2019ils \u00e9taient indispensables, les nombreuses rencontres et discussions au fil des jours, \u201c&#8230; qu\u2019on a pris des vacances pour faire \u00e7a\u201d, le passage des \u00e9chelles (abusivement dangereux !), la fois o\u00f9 P\u00eacheur a gagn\u00e9 aux cartes, mais surtout : avoir termin\u00e9 ensemble !\u00a0<\/span><\/p>\t\t\t\t\t\t\t\t<\/div>\n\t\t\t\t<\/div>\n\t\t\t\t\t<\/div>\n\t\t\t\t<\/div>\n\t\t<div class=\"elementor-element elementor-element-9e20fc3 e-con-full e-flex e-con e-parent\" data-id=\"9e20fc3\" data-element_type=\"container\">\n\t\t<div class=\"elementor-element elementor-element-b47bc82 e-con-full e-flex e-con e-child\" data-id=\"b47bc82\" data-element_type=\"container\">\n\t\t\t\t<div class=\"elementor-element elementor-element-09b2ad6 elementor-widget elementor-widget-image\" data-id=\"09b2ad6\" data-element_type=\"widget\" data-widget_type=\"image.default\">\n\t\t\t\t<div class=\"elementor-widget-container\">\n\t\t\t\t\t\t\t\t\t\t\t\t\t\t\t<img decoding=\"async\" width=\"2000\" height=\"1500\" src=\"https:\/\/www.uneviesurterre.com\/wp-content\/uploads\/2025\/08\/f8dffaa4-6b8e-4612-a35e-4c94feef82a4.jpg\" class=\"attachment-full size-full wp-image-2644\" alt=\"\" srcset=\"https:\/\/www.uneviesurterre.com\/wp-content\/uploads\/2025\/08\/f8dffaa4-6b8e-4612-a35e-4c94feef82a4.jpg 2000w, https:\/\/www.uneviesurterre.com\/wp-content\/uploads\/2025\/08\/f8dffaa4-6b8e-4612-a35e-4c94feef82a4-300x225.jpg 300w, https:\/\/www.uneviesurterre.com\/wp-content\/uploads\/2025\/08\/f8dffaa4-6b8e-4612-a35e-4c94feef82a4-1536x1152.jpg 1536w\" sizes=\"100vw\" \/>\t\t\t\t\t\t\t\t\t\t\t\t\t\t\t<\/div>\n\t\t\t\t<\/div>\n\t\t\t\t<\/div>\n\t\t<div class=\"elementor-element elementor-element-56f9ccf e-con-full e-flex e-con e-child\" data-id=\"56f9ccf\" data-element_type=\"container\">\n\t\t\t\t<div class=\"elementor-element elementor-element-8fcd1b7 elementor-widget elementor-widget-image\" data-id=\"8fcd1b7\" data-element_type=\"widget\" data-widget_type=\"image.default\">\n\t\t\t\t<div class=\"elementor-widget-container\">\n\t\t\t\t\t\t\t\t\t\t\t\t\t\t\t<img loading=\"lazy\" decoding=\"async\" width=\"2000\" height=\"1500\" src=\"https:\/\/www.uneviesurterre.com\/wp-content\/uploads\/2025\/08\/022b1a48-4c32-42e1-a572-95373895468d.jpg\" class=\"attachment-full size-full wp-image-2637\" alt=\"\" srcset=\"https:\/\/www.uneviesurterre.com\/wp-content\/uploads\/2025\/08\/022b1a48-4c32-42e1-a572-95373895468d.jpg 2000w, https:\/\/www.uneviesurterre.com\/wp-content\/uploads\/2025\/08\/022b1a48-4c32-42e1-a572-95373895468d-300x225.jpg 300w, https:\/\/www.uneviesurterre.com\/wp-content\/uploads\/2025\/08\/022b1a48-4c32-42e1-a572-95373895468d-512x384.jpg 512w, https:\/\/www.uneviesurterre.com\/wp-content\/uploads\/2025\/08\/022b1a48-4c32-42e1-a572-95373895468d-1536x1152.jpg 1536w\" sizes=\"100vw\" \/>\t\t\t\t\t\t\t\t\t\t\t\t\t\t\t<\/div>\n\t\t\t\t<\/div>\n\t\t\t\t<\/div>\n\t\t\t\t<\/div>\n\t\t<div class=\"elementor-element elementor-element-6cfa1f2 e-con-full e-flex e-con e-parent\" data-id=\"6cfa1f2\" data-element_type=\"container\">\n\t\t\t\t<div class=\"elementor-element elementor-element-e9b37bd elementor-widget__width-inherit elementor-widget elementor-widget-image\" data-id=\"e9b37bd\" data-element_type=\"widget\" data-widget_type=\"image.default\">\n\t\t\t\t<div class=\"elementor-widget-container\">\n\t\t\t\t\t\t\t\t\t\t\t\t\t\t\t<img loading=\"lazy\" decoding=\"async\" width=\"2000\" height=\"1500\" src=\"https:\/\/www.uneviesurterre.com\/wp-content\/uploads\/2025\/08\/649e0995-b24b-4c35-8587-7992d9eef212.jpg\" class=\"attachment-full size-full wp-image-2646\" alt=\"\" srcset=\"https:\/\/www.uneviesurterre.com\/wp-content\/uploads\/2025\/08\/649e0995-b24b-4c35-8587-7992d9eef212.jpg 2000w, https:\/\/www.uneviesurterre.com\/wp-content\/uploads\/2025\/08\/649e0995-b24b-4c35-8587-7992d9eef212-300x225.jpg 300w, https:\/\/www.uneviesurterre.com\/wp-content\/uploads\/2025\/08\/649e0995-b24b-4c35-8587-7992d9eef212-512x384.jpg 512w, https:\/\/www.uneviesurterre.com\/wp-content\/uploads\/2025\/08\/649e0995-b24b-4c35-8587-7992d9eef212-1536x1152.jpg 1536w\" sizes=\"100vw\" \/>\t\t\t\t\t\t\t\t\t\t\t\t\t\t\t<\/div>\n\t\t\t\t<\/div>\n\t\t\t\t<\/div>\n\t\t<div class=\"elementor-element elementor-element-8e49498 e-con-full e-flex e-con e-parent\" data-id=\"8e49498\" data-element_type=\"container\">\n\t\t\t\t<div class=\"elementor-element elementor-element-7ebece5 elementor-widget elementor-widget-n-accordion\" data-id=\"7ebece5\" data-element_type=\"widget\" data-settings=\"{&quot;default_state&quot;:&quot;expanded&quot;,&quot;max_items_expended&quot;:&quot;one&quot;,&quot;n_accordion_animation_duration&quot;:{&quot;unit&quot;:&quot;ms&quot;,&quot;size&quot;:400,&quot;sizes&quot;:[]}}\" data-widget_type=\"nested-accordion.default\">\n\t\t\t\t<div class=\"elementor-widget-container\">\n\t\t\t\t\t\t\t<div class=\"e-n-accordion\" aria-label=\"Accordion. Open links with Enter or Space, close with Escape, and navigate with Arrow Keys\">\n\t\t\t\t\t\t<details id=\"e-n-accordion-item-1320\" class=\"e-n-accordion-item\" open>\n\t\t\t\t<summary class=\"e-n-accordion-item-title\" data-accordion-index=\"1\" tabindex=\"0\" aria-expanded=\"true\" aria-controls=\"e-n-accordion-item-1320\" >\n\t\t\t\t\t<span class='e-n-accordion-item-title-header'><div class=\"e-n-accordion-item-title-text\"> Plus de photos de notre TMB <\/div><\/span>\n\t\t\t\t\t\t\t<span class='e-n-accordion-item-title-icon'>\n\t\t\t<span class='e-opened' ><svg aria-hidden=\"true\" class=\"e-font-icon-svg e-fas-minus\" viewBox=\"0 0 448 512\" xmlns=\"http:\/\/www.w3.org\/2000\/svg\"><path d=\"M416 208H32c-17.67 0-32 14.33-32 32v32c0 17.67 14.33 32 32 32h384c17.67 0 32-14.33 32-32v-32c0-17.67-14.33-32-32-32z\"><\/path><\/svg><\/span>\n\t\t\t<span class='e-closed'><svg aria-hidden=\"true\" class=\"e-font-icon-svg e-fas-plus\" viewBox=\"0 0 448 512\" xmlns=\"http:\/\/www.w3.org\/2000\/svg\"><path d=\"M416 208H272V64c0-17.67-14.33-32-32-32h-32c-17.67 0-32 14.33-32 32v144H32c-17.67 0-32 14.33-32 32v32c0 17.67 14.33 32 32 32h144v144c0 17.67 14.33 32 32 32h32c17.67 0 32-14.33 32-32V304h144c17.67 0 32-14.33 32-32v-32c0-17.67-14.33-32-32-32z\"><\/path><\/svg><\/span>\n\t\t<\/span>\n\n\t\t\t\t\t\t<\/summary>\n\t\t\t\t<div role=\"region\" aria-labelledby=\"e-n-accordion-item-1320\" class=\"elementor-element elementor-element-36d72b2 e-con-full e-flex e-con e-child\" data-id=\"36d72b2\" data-element_type=\"container\">\n\t\t<div role=\"region\" aria-labelledby=\"e-n-accordion-item-1320\" class=\"elementor-element elementor-element-e021618 e-con-full e-flex e-con e-child\" data-id=\"e021618\" data-element_type=\"container\">\n\t\t\t\t<div class=\"elementor-element elementor-element-73b9a0f elementor-pagination-position-inside elementor-arrows-position-inside elementor-widget elementor-widget-image-carousel\" data-id=\"73b9a0f\" data-element_type=\"widget\" data-settings=\"{&quot;slides_to_show&quot;:&quot;1&quot;,&quot;navigation&quot;:&quot;both&quot;,&quot;autoplay&quot;:&quot;yes&quot;,&quot;pause_on_hover&quot;:&quot;yes&quot;,&quot;pause_on_interaction&quot;:&quot;yes&quot;,&quot;autoplay_speed&quot;:5000,&quot;infinite&quot;:&quot;yes&quot;,&quot;effect&quot;:&quot;slide&quot;,&quot;speed&quot;:500}\" data-widget_type=\"image-carousel.default\">\n\t\t\t\t<div class=\"elementor-widget-container\">\n\t\t\t\t\t\t\t<div class=\"elementor-image-carousel-wrapper swiper\" role=\"region\" aria-roledescription=\"carousel\" aria-label=\"Carrousel d\u2019images\" dir=\"ltr\">\n\t\t\t<div class=\"elementor-image-carousel swiper-wrapper\" aria-live=\"off\">\n\t\t\t\t\t\t\t\t<div class=\"swiper-slide\" role=\"group\" aria-roledescription=\"slide\" aria-label=\"1 of 9\"><figure class=\"swiper-slide-inner\"><img decoding=\"async\" class=\"swiper-slide-image\" src=\"https:\/\/www.uneviesurterre.com\/wp-content\/uploads\/2025\/08\/4918a949-e864-4999-bf06-d522e0d7be84.jpg\" alt=\"4918a949-e864-4999-bf06-d522e0d7be84.jpg\" \/><\/figure><\/div><div class=\"swiper-slide\" role=\"group\" aria-roledescription=\"slide\" aria-label=\"2 of 9\"><figure class=\"swiper-slide-inner\"><img decoding=\"async\" class=\"swiper-slide-image\" src=\"https:\/\/www.uneviesurterre.com\/wp-content\/uploads\/2025\/08\/209bdbce-eeed-4b56-abb6-6f88ca0846c1-1.jpg\" alt=\"209bdbce-eeed-4b56-abb6-6f88ca0846c1.jpg\" \/><\/figure><\/div><div class=\"swiper-slide\" role=\"group\" aria-roledescription=\"slide\" aria-label=\"3 of 9\"><figure class=\"swiper-slide-inner\"><img decoding=\"async\" class=\"swiper-slide-image\" src=\"https:\/\/www.uneviesurterre.com\/wp-content\/uploads\/2025\/08\/a16d126c-722b-4640-9bc1-61377f780745-1.jpg\" alt=\"a16d126c-722b-4640-9bc1-61377f780745.jpg\" \/><\/figure><\/div><div class=\"swiper-slide\" role=\"group\" aria-roledescription=\"slide\" aria-label=\"4 of 9\"><figure class=\"swiper-slide-inner\"><img decoding=\"async\" class=\"swiper-slide-image\" src=\"https:\/\/www.uneviesurterre.com\/wp-content\/uploads\/2025\/08\/32dfa320-c345-432f-8aac-cdaf407130d0-1.jpg\" alt=\"32dfa320-c345-432f-8aac-cdaf407130d0.jpg\" \/><\/figure><\/div><div class=\"swiper-slide\" role=\"group\" aria-roledescription=\"slide\" aria-label=\"5 of 9\"><figure class=\"swiper-slide-inner\"><img decoding=\"async\" class=\"swiper-slide-image\" src=\"https:\/\/www.uneviesurterre.com\/wp-content\/uploads\/2025\/08\/ef5774e4-5878-4f63-9019-f619338c4737.jpg\" alt=\"ef5774e4-5878-4f63-9019-f619338c4737.jpg\" \/><\/figure><\/div><div class=\"swiper-slide\" role=\"group\" aria-roledescription=\"slide\" aria-label=\"6 of 9\"><figure class=\"swiper-slide-inner\"><img decoding=\"async\" class=\"swiper-slide-image\" src=\"https:\/\/www.uneviesurterre.com\/wp-content\/uploads\/2025\/08\/f9726682-ffcc-48fc-9561-19afa0ab0f76.jpg\" alt=\"f9726682-ffcc-48fc-9561-19afa0ab0f76.jpg\" \/><\/figure><\/div><div class=\"swiper-slide\" role=\"group\" aria-roledescription=\"slide\" aria-label=\"7 of 9\"><figure class=\"swiper-slide-inner\"><img decoding=\"async\" class=\"swiper-slide-image\" src=\"https:\/\/www.uneviesurterre.com\/wp-content\/uploads\/2025\/08\/6d1e02bc-8739-4a13-9b2a-b126c4070611.jpg\" alt=\"6d1e02bc-8739-4a13-9b2a-b126c4070611.jpg\" \/><\/figure><\/div><div class=\"swiper-slide\" role=\"group\" aria-roledescription=\"slide\" aria-label=\"8 of 9\"><figure class=\"swiper-slide-inner\"><img decoding=\"async\" class=\"swiper-slide-image\" src=\"https:\/\/www.uneviesurterre.com\/wp-content\/uploads\/2025\/08\/f6171e38-5a73-4dd9-b95e-e7803ad61934.jpg\" alt=\"f6171e38-5a73-4dd9-b95e-e7803ad61934.jpg\" \/><\/figure><\/div><div class=\"swiper-slide\" role=\"group\" aria-roledescription=\"slide\" aria-label=\"9 of 9\"><figure class=\"swiper-slide-inner\"><img decoding=\"async\" class=\"swiper-slide-image\" src=\"https:\/\/www.uneviesurterre.com\/wp-content\/uploads\/2025\/08\/9fc4fce3-a6f9-47df-a201-258007b55de0.jpg\" alt=\"9fc4fce3-a6f9-47df-a201-258007b55de0.jpg\" \/><\/figure><\/div>\t\t\t<\/div>\n\t\t\t\t\t\t\t\t\t\t\t\t<div class=\"elementor-swiper-button elementor-swiper-button-prev\" role=\"button\" tabindex=\"0\">\n\t\t\t\t\t\t<svg aria-hidden=\"true\" class=\"e-font-icon-svg e-eicon-chevron-left\" viewBox=\"0 0 1000 1000\" xmlns=\"http:\/\/www.w3.org\/2000\/svg\"><path d=\"M646 125C629 125 613 133 604 142L308 442C296 454 292 471 292 487 292 504 296 521 308 533L604 854C617 867 629 875 646 875 663 875 679 871 692 858 704 846 713 829 713 812 713 796 708 779 692 767L438 487 692 225C700 217 708 204 708 187 708 171 704 154 692 142 675 129 663 125 646 125Z\"><\/path><\/svg>\t\t\t\t\t<\/div>\n\t\t\t\t\t<div class=\"elementor-swiper-button elementor-swiper-button-next\" role=\"button\" tabindex=\"0\">\n\t\t\t\t\t\t<svg aria-hidden=\"true\" class=\"e-font-icon-svg e-eicon-chevron-right\" viewBox=\"0 0 1000 1000\" xmlns=\"http:\/\/www.w3.org\/2000\/svg\"><path d=\"M696 533C708 521 713 504 713 487 713 471 708 454 696 446L400 146C388 133 375 125 354 125 338 125 325 129 313 142 300 154 292 171 292 187 292 204 296 221 308 233L563 492 304 771C292 783 288 800 288 817 288 833 296 850 308 863 321 871 338 875 354 875 371 875 388 867 400 854L696 533Z\"><\/path><\/svg>\t\t\t\t\t<\/div>\n\t\t\t\t\n\t\t\t\t\t\t\t\t\t<div class=\"swiper-pagination\"><\/div>\n\t\t\t\t\t\t\t\t\t<\/div>\n\t\t\t\t\t\t<\/div>\n\t\t\t\t<\/div>\n\t\t\t\t<\/div>\n\t\t\t\t<\/div>\n\t\t\t\t\t<\/details>\n\t\t\t\t\t<\/div>\n\t\t\t\t\t\t<\/div>\n\t\t\t\t<\/div>\n\t\t\t\t<\/div>\n\t\t<div class=\"elementor-element elementor-element-c4fc454 e-flex e-con-boxed e-con e-parent\" data-id=\"c4fc454\" data-element_type=\"container\">\n\t\t\t\t\t<div class=\"e-con-inner\">\n\t\t\t\t<div class=\"elementor-element elementor-element-7e76336 elementor-widget elementor-widget-spacer\" data-id=\"7e76336\" data-element_type=\"widget\" data-widget_type=\"spacer.default\">\n\t\t\t\t<div class=\"elementor-widget-container\">\n\t\t\t\t\t\t\t<div class=\"elementor-spacer\">\n\t\t\t<div class=\"elementor-spacer-inner\"><\/div>\n\t\t<\/div>\n\t\t\t\t\t\t<\/div>\n\t\t\t\t<\/div>\n\t\t\t\t\t<\/div>\n\t\t\t\t<\/div>\n\t\t\t\t<\/div>\n\t\t","protected":false},"excerpt":{"rendered":"<p>7 jours sur le Tour du Mont-Blanc L\u2019id\u00e9e de faire le Tour du Mont-Blanc est vaguement nait en 2023 d\u00e9j\u00e0. Je commen\u00e7ais alors \u00e0 feuilleter le Topoguide, mais toutes ces informations me semblaient tellement compliqu\u00e9es\u2026 premi\u00e8re r\u00e9alit\u00e9 : organiser une rando de plusieurs jours ce n\u2019est pas si simple !\u00a0 Face \u00e0 la difficult\u00e9 de &hellip; <\/p>\n<p class=\"link-more\"><a href=\"https:\/\/www.uneviesurterre.com\/?page_id=2631\" class=\"more-link\">Read more<span class=\"screen-reader-text\"> &#8220;Tour du Mont-Blanc&#8221;<\/span><\/a><\/p>\n","protected":false},"author":1,"featured_media":0,"parent":0,"menu_order":0,"comment_status":"closed","ping_status":"closed","template":"","meta":{"footnotes":""},"class_list":["post-2631","page","type-page","status-publish","hentry"],"jetpack_sharing_enabled":true,"_links":{"self":[{"href":"https:\/\/www.uneviesurterre.com\/index.php?rest_route=\/wp\/v2\/pages\/2631","targetHints":{"allow":["GET"]}}],"collection":[{"href":"https:\/\/www.uneviesurterre.com\/index.php?rest_route=\/wp\/v2\/pages"}],"about":[{"href":"https:\/\/www.uneviesurterre.com\/index.php?rest_route=\/wp\/v2\/types\/page"}],"author":[{"embeddable":true,"href":"https:\/\/www.uneviesurterre.com\/index.php?rest_route=\/wp\/v2\/users\/1"}],"replies":[{"embeddable":true,"href":"https:\/\/www.uneviesurterre.com\/index.php?rest_route=%2Fwp%2Fv2%2Fcomments&post=2631"}],"version-history":[{"count":19,"href":"https:\/\/www.uneviesurterre.com\/index.php?rest_route=\/wp\/v2\/pages\/2631\/revisions"}],"predecessor-version":[{"id":2680,"href":"https:\/\/www.uneviesurterre.com\/index.php?rest_route=\/wp\/v2\/pages\/2631\/revisions\/2680"}],"wp:attachment":[{"href":"https:\/\/www.uneviesurterre.com\/index.php?rest_route=%2Fwp%2Fv2%2Fmedia&parent=2631"}],"curies":[{"name":"wp","href":"https:\/\/api.w.org\/{rel}","templated":true}]}}