{"id":2173,"date":"2025-05-25T10:59:53","date_gmt":"2025-05-25T08:59:53","guid":{"rendered":"https:\/\/www.uneviesurterre.com\/?page_id=2173"},"modified":"2025-05-25T11:04:09","modified_gmt":"2025-05-25T09:04:09","slug":"grand-duche-du-luxembourg","status":"publish","type":"page","link":"https:\/\/www.uneviesurterre.com\/?page_id=2173","title":{"rendered":"Grand-Duch\u00e9 du Luxembourg"},"content":{"rendered":"\t\t<div data-elementor-type=\"wp-page\" data-elementor-id=\"2173\" class=\"elementor elementor-2173\">\n\t\t\t\t<div class=\"elementor-element elementor-element-c2cefad e-flex e-con-boxed e-con e-parent\" data-id=\"c2cefad\" data-element_type=\"container\">\n\t\t\t\t\t<div class=\"e-con-inner\">\n\t\t\t\t<div class=\"elementor-element elementor-element-6cd3bc60 elementor-widget elementor-widget-text-editor\" data-id=\"6cd3bc60\" data-element_type=\"widget\" data-widget_type=\"text-editor.default\">\n\t\t\t\t<div class=\"elementor-widget-container\">\n\t\t\t\t\t\t\t\t\t<div class=\"wp-block-spacer\" style=\"height: 29px;\" aria-hidden=\"true\">\u00a0<\/div>\n<div aria-hidden=\"true\">\u00a0<\/div>\n<div aria-hidden=\"true\">\u00a0<\/div>\n<div aria-hidden=\"true\">\u00a0<\/div>\n<p><!-- \/wp:spacer --><!-- wp:heading {\"textAlign\":\"center\",\"level\":1,\"style\":{\"typography\":{\"fontSize\":\"24px\"}}} --><\/p>\n<h1 class=\"wp-block-heading has-text-align-center\" style=\"font-size: 24px;\">Prologue<\/h1>\n<p><!-- \/wp:heading --><!-- wp:heading {\"textAlign\":\"center\",\"level\":4,\"style\":{\"typography\":{\"fontStyle\":\"normal\",\"fontWeight\":\"400\",\"fontSize\":\"17px\"}}} --><\/p>\n<p>Chez nous, on connait principalement le Grand-Duch\u00e9 du Luxembourg parce que l&#8217;essence, les cigarettes et l&#8217;alcool n&#8217;y sont pas chers. Mais si on y regarde d&#8217;un peu plus pr\u00e8s, il y a bien plus \u00e0 d\u00e9couvrir dans ce pays !\u00a0<\/p>\n<p>Ses atouts ? La nature, et son calme&#8230; id\u00e9al pour se ressourcer le temps d&#8217;un week-end !\u00a0<\/p>\n<p><!-- \/wp:spacer --><\/p>\t\t\t\t\t\t\t\t<\/div>\n\t\t\t\t<\/div>\n\t\t\t\t<div class=\"elementor-element elementor-element-8ecf3e4 elementor-hidden-mobile elementor-widget elementor-widget-spacer\" data-id=\"8ecf3e4\" data-element_type=\"widget\" data-widget_type=\"spacer.default\">\n\t\t\t\t<div class=\"elementor-widget-container\">\n\t\t\t\t\t\t\t<div class=\"elementor-spacer\">\n\t\t\t<div class=\"elementor-spacer-inner\"><\/div>\n\t\t<\/div>\n\t\t\t\t\t\t<\/div>\n\t\t\t\t<\/div>\n\t\t\t\t\t<\/div>\n\t\t\t\t<\/div>\n\t\t<div class=\"elementor-element elementor-element-1d2f5e0 e-con-full e-flex e-con e-parent\" data-id=\"1d2f5e0\" data-element_type=\"container\">\n\t\t<div class=\"elementor-element elementor-element-697e178 e-con-full e-flex e-con e-child\" data-id=\"697e178\" data-element_type=\"container\" data-settings=\"{&quot;background_background&quot;:&quot;classic&quot;}\">\n\t\t\t\t<div class=\"elementor-element elementor-element-5924c42 elementor-widget elementor-widget-heading\" data-id=\"5924c42\" data-element_type=\"widget\" data-widget_type=\"heading.default\">\n\t\t\t\t<div class=\"elementor-widget-container\">\n\t\t\t\t\t<h2 class=\"elementor-heading-title elementor-size-default\"><a href=\"https:\/\/www.uneviesurterre.com\/?page_id=2004\">Lee Trail : <br>Immersion en pleine nature au coeur du Luxembourg<\/a><\/h2>\t\t\t\t<\/div>\n\t\t\t\t<\/div>\n\t\t\t\t<\/div>\n\t\t<div class=\"elementor-element elementor-element-ff85d31 e-con-full e-flex e-con e-child\" data-id=\"ff85d31\" data-element_type=\"container\">\n\t\t\t\t<\/div>\n\t\t\t\t<\/div>\n\t\t\t\t<\/div>\n\t\t","protected":false},"excerpt":{"rendered":"<p>\u00a0 \u00a0 \u00a0 \u00a0 Prologue Chez nous, on connait principalement le Grand-Duch\u00e9 du Luxembourg parce que l&#8217;essence, les cigarettes et l&#8217;alcool n&#8217;y sont pas chers. Mais si on y regarde d&#8217;un peu plus pr\u00e8s, il y a bien plus \u00e0 d\u00e9couvrir dans ce pays !\u00a0 Ses atouts ? La nature, et son calme&#8230; id\u00e9al pour &hellip; <\/p>\n<p class=\"link-more\"><a href=\"https:\/\/www.uneviesurterre.com\/?page_id=2173\" class=\"more-link\">Read more<span class=\"screen-reader-text\"> &#8220;Grand-Duch\u00e9 du Luxembourg&#8221;<\/span><\/a><\/p>\n","protected":false},"author":1,"featured_media":2014,"parent":0,"menu_order":0,"comment_status":"closed","ping_status":"closed","template":"","meta":{"footnotes":""},"class_list":["post-2173","page","type-page","status-publish","has-post-thumbnail","hentry"],"jetpack_sharing_enabled":true,"_links":{"self":[{"href":"https:\/\/www.uneviesurterre.com\/index.php?rest_route=\/wp\/v2\/pages\/2173","targetHints":{"allow":["GET"]}}],"collection":[{"href":"https:\/\/www.uneviesurterre.com\/index.php?rest_route=\/wp\/v2\/pages"}],"about":[{"href":"https:\/\/www.uneviesurterre.com\/index.php?rest_route=\/wp\/v2\/types\/page"}],"author":[{"embeddable":true,"href":"https:\/\/www.uneviesurterre.com\/index.php?rest_route=\/wp\/v2\/users\/1"}],"replies":[{"embeddable":true,"href":"https:\/\/www.uneviesurterre.com\/index.php?rest_route=%2Fwp%2Fv2%2Fcomments&post=2173"}],"version-history":[{"count":7,"href":"https:\/\/www.uneviesurterre.com\/index.php?rest_route=\/wp\/v2\/pages\/2173\/revisions"}],"predecessor-version":[{"id":2187,"href":"https:\/\/www.uneviesurterre.com\/index.php?rest_route=\/wp\/v2\/pages\/2173\/revisions\/2187"}],"wp:featuredmedia":[{"embeddable":true,"href":"https:\/\/www.uneviesurterre.com\/index.php?rest_route=\/wp\/v2\/media\/2014"}],"wp:attachment":[{"href":"https:\/\/www.uneviesurterre.com\/index.php?rest_route=%2Fwp%2Fv2%2Fmedia&parent=2173"}],"curies":[{"name":"wp","href":"https:\/\/api.w.org\/{rel}","templated":true}]}}