{"id":207,"date":"2023-10-12T12:17:18","date_gmt":"2023-10-12T10:17:18","guid":{"rendered":"https:\/\/www.uneviesurterre.com\/?page_id=207"},"modified":"2023-11-22T12:59:19","modified_gmt":"2023-11-22T11:59:19","slug":"escapade-a-reims","status":"publish","type":"page","link":"https:\/\/www.uneviesurterre.com\/?page_id=207","title":{"rendered":"Escapade \u00e0 Reims"},"content":{"rendered":"\n<h2 class=\"wp-block-heading\" style=\"font-size:clamp(14px, 0.875rem + ((1vw - 3.2px) * 0.313), 17px);font-style:normal;font-weight:400\">Profitant de quelques jours libres devant nous, nous avons attrap\u00e9 les cl\u00e9s de la camionnette pour partir en escapade. Notre plan initial \u00e9tait d\u2019aller aux Pays-Bas, mais une temp\u00eate nous bloquant chemin, nous avons finalement pris la route de la France, et plus particuli\u00e8rement de Reims. Faites p\u00e9ter le champagne, on arrive !<\/h2>\n\n\n\n<h2 class=\"wp-block-heading\" style=\"font-size:clamp(14px, 0.875rem + ((1vw - 3.2px) * 0.313), 17px);font-style:normal;font-weight:400\"><strong>La cath\u00e9drale de Reims<\/strong><\/h2>\n\n\n\n<h2 class=\"wp-block-heading\" style=\"font-size:clamp(14px, 0.875rem + ((1vw - 3.2px) * 0.313), 17px);font-style:normal;font-weight:400\">La cath\u00e9drale de Reims est l\u2019immanquable de la ville. Connue comme \u00e9tant le lieu o\u00f9 furent sacr\u00e9s de nombreux rois de France, c\u2019est aujourd\u2019hui plus pour sa magnifique architecture qu\u2019on vient la contempler. D\u2019ailleurs, petit \u201cfun fact\u201d, il s\u2019agit de la cath\u00e9drale de style gothique arborant le plus de statues au monde, on en trouve 2303 sur tout l\u2019\u00e9difice. Pas mal !<\/h2>\n\n\n\n<h2 class=\"wp-block-heading\" style=\"font-size:clamp(14px, 0.875rem + ((1vw - 3.2px) * 0.313), 17px);font-style:normal;font-weight:400\"><strong>Visiter les caves de Champagne<\/strong><\/h2>\n\n\n\n<figure class=\"wp-block-image aligncenter\"><img decoding=\"async\" src=\"https:\/\/lh6.googleusercontent.com\/t9EcVgbUSaH6ZZeWrvzMLSEVMGvJUsm2vpPQ0B8lMTgYqhjollo29cyqPEA04pcd0EEt1P-TtOQF6lXuEk3xWliezvmr5BJeC6vaK7IoMo4Djk5EeQretdzabfaye4Fc0CxOR-IKDJ-yahTgMheRJ2k\" alt=\"IMG_20230715_123237.jpg\"\/><\/figure>\n\n\n\n<h2 class=\"wp-block-heading\" style=\"font-size:clamp(14px, 0.875rem + ((1vw - 3.2px) * 0.313), 17px);font-style:normal;font-weight:400\">Le choix de visites est vaste. On retrouve un nombre incalculable de producteurs de champagne, que ce soit dans la ville ou dans ses alentours. C\u2019est tout naturellement, au hasard, que notre choix s\u2019est arr\u00eat\u00e9 sur les caves Pommery. Une d\u00e9cision qui fut fort judicieuse. Nous avons aim\u00e9 la vision avant-gardiste qu\u2019a insuffl\u00e9e Louise Pommery \u00e0 sa Maison, d\u00e8s sa prise en main en 1858 (et oui, une cheffe d\u2019entreprise en 1858, c\u2019est beau). Une vision retranscrite lors de la visite par quelques \u0153uvres d\u2019arts en place dans les caves. Bien-s\u00fbr, nous avons fini la visite par une petite d\u00e9gustation fort bien venue.<\/h2>\n\n\n\n<h2 class=\"wp-block-heading\" style=\"font-size:clamp(14px, 0.875rem + ((1vw - 3.2px) * 0.313), 17px);font-style:normal;font-weight:400\"><strong>La for\u00eat des Faux de Verzy<\/strong><\/h2>\n\n\n\n<h2 class=\"wp-block-heading\" style=\"font-size:clamp(14px, 0.875rem + ((1vw - 3.2px) * 0.313), 17px);font-style:normal;font-weight:400\">Nous sommes ensuite sortis de Reims pour prendre un petit bol d\u2019air frais dans la for\u00eat de Verzy. Sa particularit\u00e9 est qu\u2019elle voit pousser en son sein des \u201cFaux\u201d, des h\u00eatres \u00e0 la forme tortueuse. La balade ne fut pas bien longue,30-45min, mais nous avons pass\u00e9 un bon moment, en toute singularit\u00e9.<\/h2>\n\n\n\n<h2 class=\"wp-block-heading\" style=\"font-size:clamp(14px, 0.875rem + ((1vw - 3.2px) * 0.313), 17px);font-style:normal;font-weight:400\"><strong>Vagabonder autour de Reims<\/strong><\/h2>\n\n\n\n<h2 class=\"wp-block-heading\" style=\"font-size:clamp(14px, 0.875rem + ((1vw - 3.2px) * 0.313), 17px);font-style:normal;font-weight:400\">Nous avons termin\u00e9 ce court s\u00e9jour en prenant la voiture et en nous baladant dans les petits villages entour\u00e9s de vignes. Finir le s\u00e9jour en se plongeant dans cette atmosph\u00e8re \u00e9tait la cerise sur le g\u00e2teau.<\/h2>\n\n\n\n<h2 class=\"wp-block-heading\" style=\"font-size:clamp(14px, 0.875rem + ((1vw - 3.2px) * 0.313), 17px);font-style:normal;font-weight:400\">Et, en parlant de g\u00e2teau, si vous voulez repartir avec quelques douceurs, on vous conseille de vous rendre chez Fossier . Vous pourrez y acheter des \u201cbiscuits roses\u201d, sp\u00e9cialit\u00e9 du coin (c\u2019est basiquement des boudoirs color\u00e9s, mais \u00e7a fait bon genre).<\/h2>\n\n\n\n<div style=\"height:34px\" aria-hidden=\"true\" class=\"wp-block-spacer\"><\/div>\n\n\n\n<div class=\"alignnormal\"><div id=\"metaslider-id-405\" style=\"max-width: 600px; margin: 0 auto;\" class=\"ml-slider-3-108-0 metaslider metaslider-flex metaslider-405 ml-slider ms-theme-default nav-hidden\" role=\"region\" aria-label=\"Reims\" data-height=\"900\" data-width=\"600\">\n    <div id=\"metaslider_container_405\">\n        <div id=\"metaslider_405\">\n            <ul class='slides'>\n                <li style=\"display: block; width: 100%;\" class=\"slide-412 ms-image \" aria-roledescription=\"slide\" data-date=\"2023-11-22 12:54:38\" data-filename=\"920800_d660b5d65e08471d8016f43ee7313cccmv2-314x471.jpg\" data-slide-type=\"image\"><img fetchpriority=\"high\" decoding=\"async\" src=\"https:\/\/www.uneviesurterre.com\/wp-content\/uploads\/2023\/11\/920800_d660b5d65e08471d8016f43ee7313cccmv2-314x471.jpg\" height=\"900\" width=\"600\" alt=\"\" class=\"slider-405 slide-412 msDefaultImage\" title=\"920800_d660b5d65e08471d8016f43ee7313ccc~mv2\" \/><\/li>\n                <li style=\"display: none; width: 100%;\" class=\"slide-413 ms-image \" aria-roledescription=\"slide\" data-date=\"2023-11-22 12:54:38\" data-filename=\"920800_7faf9bede0084f24979bd61847354a0fmv2-314x472.jpg\" data-slide-type=\"image\"><img decoding=\"async\" src=\"https:\/\/www.uneviesurterre.com\/wp-content\/uploads\/2023\/11\/920800_7faf9bede0084f24979bd61847354a0fmv2-314x472.jpg\" height=\"900\" width=\"600\" alt=\"\" class=\"slider-405 slide-413 msDefaultImage\" title=\"920800_7faf9bede0084f24979bd61847354a0f~mv2\" \/><\/li>\n                <li style=\"display: none; width: 100%;\" class=\"slide-414 ms-image \" aria-roledescription=\"slide\" data-date=\"2023-11-22 12:54:38\" data-filename=\"920800_7f9aabdb4eb44dd9949cfb80a540f73emv2-314x471.jpeg\" data-slide-type=\"image\"><img decoding=\"async\" src=\"https:\/\/www.uneviesurterre.com\/wp-content\/uploads\/2023\/11\/920800_7f9aabdb4eb44dd9949cfb80a540f73emv2-314x471.jpeg\" height=\"900\" width=\"600\" alt=\"\" class=\"slider-405 slide-414 msDefaultImage\" title=\"920800_7f9aabdb4eb44dd9949cfb80a540f73e~mv2\" \/><\/li>\n                <li style=\"display: none; width: 100%;\" class=\"slide-415 ms-image \" aria-roledescription=\"slide\" data-date=\"2023-11-22 12:54:38\" data-filename=\"920800_12481c05dcd34454a6d02056bd1f9f4amv2-314x472.jpg\" data-slide-type=\"image\"><img loading=\"lazy\" decoding=\"async\" src=\"https:\/\/www.uneviesurterre.com\/wp-content\/uploads\/2023\/11\/920800_12481c05dcd34454a6d02056bd1f9f4amv2-314x472.jpg\" height=\"900\" width=\"600\" alt=\"\" class=\"slider-405 slide-415 msDefaultImage\" title=\"920800_12481c05dcd34454a6d02056bd1f9f4a~mv2\" \/><\/li>\n                <li style=\"display: none; width: 100%;\" class=\"slide-416 ms-image \" aria-roledescription=\"slide\" data-date=\"2023-11-22 12:54:38\" data-filename=\"P1034938-2-202x303.jpg\" data-slide-type=\"image\"><img loading=\"lazy\" decoding=\"async\" src=\"https:\/\/www.uneviesurterre.com\/wp-content\/uploads\/2023\/11\/P1034938-2-202x303.jpg\" height=\"900\" width=\"600\" alt=\"\" class=\"slider-405 slide-416 msDefaultImage\" title=\"P1034938\" \/><\/li>\n            <\/ul>\n        <\/div>\n        \n    <\/div>\n<\/div><\/div>\n\n\n\n<div style=\"height:92px\" aria-hidden=\"true\" class=\"wp-block-spacer\"><\/div>\n","protected":false},"excerpt":{"rendered":"<p>Profitant de quelques jours libres devant nous, nous avons attrap\u00e9 les cl\u00e9s de la camionnette pour partir en escapade. Notre plan initial \u00e9tait d\u2019aller aux Pays-Bas, mais une temp\u00eate nous bloquant chemin, nous avons finalement pris la route de la France, et plus particuli\u00e8rement de Reims. Faites p\u00e9ter le champagne, on arrive ! La cath\u00e9drale &hellip; <\/p>\n<p class=\"link-more\"><a href=\"https:\/\/www.uneviesurterre.com\/?page_id=207\" class=\"more-link\">Read more<span class=\"screen-reader-text\"> &#8220;Escapade \u00e0 Reims&#8221;<\/span><\/a><\/p>\n","protected":false},"author":1,"featured_media":0,"parent":0,"menu_order":0,"comment_status":"closed","ping_status":"closed","template":"","meta":{"footnotes":""},"class_list":["post-207","page","type-page","status-publish","hentry"],"jetpack_sharing_enabled":true,"_links":{"self":[{"href":"https:\/\/www.uneviesurterre.com\/index.php?rest_route=\/wp\/v2\/pages\/207","targetHints":{"allow":["GET"]}}],"collection":[{"href":"https:\/\/www.uneviesurterre.com\/index.php?rest_route=\/wp\/v2\/pages"}],"about":[{"href":"https:\/\/www.uneviesurterre.com\/index.php?rest_route=\/wp\/v2\/types\/page"}],"author":[{"embeddable":true,"href":"https:\/\/www.uneviesurterre.com\/index.php?rest_route=\/wp\/v2\/users\/1"}],"replies":[{"embeddable":true,"href":"https:\/\/www.uneviesurterre.com\/index.php?rest_route=%2Fwp%2Fv2%2Fcomments&post=207"}],"version-history":[{"count":5,"href":"https:\/\/www.uneviesurterre.com\/index.php?rest_route=\/wp\/v2\/pages\/207\/revisions"}],"predecessor-version":[{"id":420,"href":"https:\/\/www.uneviesurterre.com\/index.php?rest_route=\/wp\/v2\/pages\/207\/revisions\/420"}],"wp:attachment":[{"href":"https:\/\/www.uneviesurterre.com\/index.php?rest_route=%2Fwp%2Fv2%2Fmedia&parent=207"}],"curies":[{"name":"wp","href":"https:\/\/api.w.org\/{rel}","templated":true}]}}