{"id":1901,"date":"2025-03-26T11:25:33","date_gmt":"2025-03-26T10:25:33","guid":{"rendered":"https:\/\/www.uneviesurterre.com\/?page_id=1901"},"modified":"2025-07-16T11:29:09","modified_gmt":"2025-07-16T09:29:09","slug":"maroc-2","status":"publish","type":"page","link":"https:\/\/www.uneviesurterre.com\/?page_id=1901","title":{"rendered":"Cor\u00e9e du sud"},"content":{"rendered":"\t\t<div data-elementor-type=\"wp-page\" data-elementor-id=\"1901\" class=\"elementor elementor-1901\">\n\t\t\t\t<div class=\"elementor-element elementor-element-bc6231d e-flex e-con-boxed e-con e-parent\" data-id=\"bc6231d\" data-element_type=\"container\">\n\t\t\t\t\t<div class=\"e-con-inner\">\n\t\t\t\t<div class=\"elementor-element elementor-element-7a8b146 elementor-widget elementor-widget-text-editor\" data-id=\"7a8b146\" data-element_type=\"widget\" data-widget_type=\"text-editor.default\">\n\t\t\t\t<div class=\"elementor-widget-container\">\n\t\t\t\t\t\t\t\t\t<p>\u00a0<\/p><p><!-- \/wp:spacer --><!-- wp:heading {\"textAlign\":\"center\",\"level\":1,\"style\":{\"typography\":{\"fontSize\":\"24px\"}}} --><\/p><h1 class=\"wp-block-heading has-text-align-center\" style=\"font-size: 24px;\">Prologue<\/h1><p><!-- \/wp:heading --><!-- wp:heading {\"textAlign\":\"center\",\"level\":4,\"style\":{\"typography\":{\"fontStyle\":\"normal\",\"fontWeight\":\"400\",\"fontSize\":\"17px\"}}} --><!-- \/wp:heading --><!-- wp:spacer {\"height\":\"50px\"} --><!-- \/wp:spacer --><!-- wp:columns --><\/p><div class=\"wp-block-columns\"><p><!-- wp:column --><\/p><div class=\"wp-block-column\"><!-- wp:cover {\"url\":\"https:\/\/www.uneviesurterre.com\/wp-content\/uploads\/2024\/01\/marrakech-2420033_1280.jpg\",\"id\":709,\"dimRatio\":30,\"focalPoint\":{\"x\":0.58,\"y\":0.47},\"contentPosition\":\"center center\",\"layout\":{\"type\":\"constrained\"}} --><\/div><\/div><p><!-- \/wp:spacer --><\/p>\t\t\t\t\t\t\t\t<\/div>\n\t\t\t\t<\/div>\n\t\t\t\t<div class=\"elementor-element elementor-element-4521c58 elementor-widget elementor-widget-text-editor\" data-id=\"4521c58\" data-element_type=\"widget\" data-widget_type=\"text-editor.default\">\n\t\t\t\t<div class=\"elementor-widget-container\">\n\t\t\t\t\t\t\t\t\t<p>La Cor\u00e9e du sud n&#8217;a en v\u00e9rit\u00e9 jamais \u00e9t\u00e9 sur notre liste des destinations \u00e0 visiter. C&#8217;est en discutant avec une amie d&#8217;Apo qui y est all\u00e9e plusieurs mois que l&#8217;id\u00e9e \u00e0 commencer \u00e0 germer dans notre t\u00eate. Partir vers une destination moins touristique nous tentait bien, et nos p\u00e9riodes de cong\u00e9s correspondaient \u00e0 une saison plut\u00f4t cl\u00e9mente au pays du matin calme. Nous avons donc pris le risque de partir vers cette destination que nous ne connaissions au final que tr\u00e8s peu.&nbsp;<\/p>\t\t\t\t\t\t\t\t<\/div>\n\t\t\t\t<\/div>\n\t\t\t\t<div class=\"elementor-element elementor-element-9bd3f16 elementor-widget elementor-widget-spacer\" data-id=\"9bd3f16\" data-element_type=\"widget\" data-widget_type=\"spacer.default\">\n\t\t\t\t<div class=\"elementor-widget-container\">\n\t\t\t\t\t\t\t<div class=\"elementor-spacer\">\n\t\t\t<div class=\"elementor-spacer-inner\"><\/div>\n\t\t<\/div>\n\t\t\t\t\t\t<\/div>\n\t\t\t\t<\/div>\n\t\t\t\t\t<\/div>\n\t\t\t\t<\/div>\n\t\t<div class=\"elementor-element elementor-element-db9ede2 e-con-full e-flex e-con e-parent\" data-id=\"db9ede2\" data-element_type=\"container\">\n\t\t<div class=\"elementor-element elementor-element-3718a4c e-con-full e-flex e-con e-child\" data-id=\"3718a4c\" data-element_type=\"container\" data-settings=\"{&quot;background_background&quot;:&quot;classic&quot;}\">\n\t\t\t\t<div class=\"elementor-element elementor-element-8c2d819 elementor-widget elementor-widget-heading\" data-id=\"8c2d819\" data-element_type=\"widget\" data-widget_type=\"heading.default\">\n\t\t\t\t<div class=\"elementor-widget-container\">\n\t\t\t\t\t<h2 class=\"elementor-heading-title elementor-size-default\"><a href=\"https:\/\/www.uneviesurterre.com\/?page_id=1799\">Nos coups de c\u0153ur et immanquables \u00e0 S\u00e9oul<\/a><\/h2>\t\t\t\t<\/div>\n\t\t\t\t<\/div>\n\t\t\t\t<\/div>\n\t\t<div class=\"elementor-element elementor-element-f71a2c3 e-con-full e-flex e-con e-child\" data-id=\"f71a2c3\" data-element_type=\"container\" data-settings=\"{&quot;background_background&quot;:&quot;classic&quot;}\">\n\t\t\t\t<\/div>\n\t\t\t\t<\/div>\n\t\t<div class=\"elementor-element elementor-element-d5b40c6 e-flex e-con-boxed e-con e-parent\" data-id=\"d5b40c6\" data-element_type=\"container\">\n\t\t\t\t\t<div class=\"e-con-inner\">\n\t\t\t\t<div class=\"elementor-element elementor-element-b0ac272 elementor-widget elementor-widget-spacer\" data-id=\"b0ac272\" data-element_type=\"widget\" data-widget_type=\"spacer.default\">\n\t\t\t\t<div class=\"elementor-widget-container\">\n\t\t\t\t\t\t\t<div class=\"elementor-spacer\">\n\t\t\t<div class=\"elementor-spacer-inner\"><\/div>\n\t\t<\/div>\n\t\t\t\t\t\t<\/div>\n\t\t\t\t<\/div>\n\t\t\t\t\t<\/div>\n\t\t\t\t<\/div>\n\t\t\t\t<\/div>\n\t\t","protected":false},"excerpt":{"rendered":"<p>\u00a0 Prologue La Cor\u00e9e du sud n&#8217;a en v\u00e9rit\u00e9 jamais \u00e9t\u00e9 sur notre liste des destinations \u00e0 visiter. C&#8217;est en discutant avec une amie d&#8217;Apo qui y est all\u00e9e plusieurs mois que l&#8217;id\u00e9e \u00e0 commencer \u00e0 germer dans notre t\u00eate. Partir vers une destination moins touristique nous tentait bien, et nos p\u00e9riodes de cong\u00e9s correspondaient &hellip; <\/p>\n<p class=\"link-more\"><a href=\"https:\/\/www.uneviesurterre.com\/?page_id=1901\" class=\"more-link\">Read more<span class=\"screen-reader-text\"> &#8220;Cor\u00e9e du sud&#8221;<\/span><\/a><\/p>\n","protected":false},"author":1,"featured_media":0,"parent":0,"menu_order":0,"comment_status":"closed","ping_status":"closed","template":"","meta":{"footnotes":""},"class_list":["post-1901","page","type-page","status-publish","hentry"],"jetpack_sharing_enabled":true,"_links":{"self":[{"href":"https:\/\/www.uneviesurterre.com\/index.php?rest_route=\/wp\/v2\/pages\/1901","targetHints":{"allow":["GET"]}}],"collection":[{"href":"https:\/\/www.uneviesurterre.com\/index.php?rest_route=\/wp\/v2\/pages"}],"about":[{"href":"https:\/\/www.uneviesurterre.com\/index.php?rest_route=\/wp\/v2\/types\/page"}],"author":[{"embeddable":true,"href":"https:\/\/www.uneviesurterre.com\/index.php?rest_route=\/wp\/v2\/users\/1"}],"replies":[{"embeddable":true,"href":"https:\/\/www.uneviesurterre.com\/index.php?rest_route=%2Fwp%2Fv2%2Fcomments&post=1901"}],"version-history":[{"count":58,"href":"https:\/\/www.uneviesurterre.com\/index.php?rest_route=\/wp\/v2\/pages\/1901\/revisions"}],"predecessor-version":[{"id":2285,"href":"https:\/\/www.uneviesurterre.com\/index.php?rest_route=\/wp\/v2\/pages\/1901\/revisions\/2285"}],"wp:attachment":[{"href":"https:\/\/www.uneviesurterre.com\/index.php?rest_route=%2Fwp%2Fv2%2Fmedia&parent=1901"}],"curies":[{"name":"wp","href":"https:\/\/api.w.org\/{rel}","templated":true}]}}